d(p) = -4*p**3 + 23*p**2 - 15*p - 123. Let n(a) = -9*a**3 + 47*a**2 - 31*a - 249. Let x(g) = -7*d(g) + 3*n(g). List the prime factors of x(21).
3, 269
Let f(r) = -10*r - r**3 - 9 - 2 - 8*r**3 + 15*r**2 + 8*r**3. What are the prime factors of f(10)?
389
Let l be 0*(-7)/35 - (-1478 + -2). Suppose 0 = 8*p - 728 - l. What are the prime factors of p?
2, 3, 23
Let z(n) = -41*n**2 + 1457*n + 11. What are the prime factors of z(34)?
2153
Suppose -f + 5*d + 1607 = 0, -7702 - 255 = -5*f - d. Suppose 0 = -12*n + 13*n - f. List the prime factors of n.
2, 199
List the prime factors of (-2)/(-3)*1635102/28.
3, 19, 683
Suppose -23*i - 18*i + 356725 = -16*i. List the prime factors of i.
19, 751
List the prime factors of (-249356)/(-14) + 114/133 - -9.
71, 251
Let i = 43623 + -11752. What are the prime factors of i?
7, 29, 157
Suppose 4472 = 103*j - 111*j. Let t = j + 757. List the prime factors of t.
2, 3, 11
Let c = 26 + -15. Let y = c + 283. What are the prime factors of y?
2, 3, 7
Let a(z) = 3*z**2 + 25*z - 74. What are the prime factors of a(-26)?
2, 163
Suppose 279*b - 1029341 = 1849156 - 414369. List the prime factors of b.
2, 3, 23
Let h(u) = -9*u**2 - 5*u - 84. Let z be h(-10). Let j = z + 1593. List the prime factors of j.
659
Let r = 11066 + -5703. What are the prime factors of r?
31, 173
Let z(m) be the second derivative of 53*m**6/720 - m**5/6 - 11*m**4/4 - 6*m. Let r(g) be the third derivative of z(g). What are the prime factors of r(4)?
2, 3
Let o = -64 - -66. Suppose -7*q + 4*q = -o*t + 2680, t - 2*q - 1341 = 0. Suppose t = 14*d - 7*d. What are the prime factors of d?
191
Suppose -31*k + 35*k - 9288 = 0. Let s = -1216 + k. List the prime factors of s.
2, 7, 79
Let x = 473 + -276. Suppose 0 = -3*p - 2*z + 1252, -2*p + 249*z = 246*z - 813. Suppose -p = -x*l + 194*l. List the prime factors of l.
2, 3, 23
Suppose 5*r = b - 31, -2*r + 5 = -r. Suppose 2*k + 2*n - b = 0, 4*k - 95 - 53 = 5*n. Suppose -2*t - 4*x + 154 = k, -25 = -5*x. What are the prime factors of t?
3, 17
Let p(o) = 627*o - 1434. What are the prime factors of p(20)?
2, 3, 617
Suppose 406*y = 6769369 + 8994393. List the prime factors of y.
41, 947
Let j(s) = -15*s**3 + 2*s**2 + 7*s + 6. Let d(i) = i**2 - 6*i - 10. Let n be d(7). Let r be j(n). Let c = -243 + r. What are the prime factors of c?
3, 5, 11
Suppose 50*n - 153*n = -277949 - 527305. What are the prime factors of n?
2, 3, 1303
Let w = 44 + -30. Let y be 12*((-17)/4)/(-17). What are the prime factors of y/(-21) - (-2074)/w?
2, 37
Suppose -16*f = 7*f - 5428. Let d = -48 + f. What are the prime factors of d?
2, 47
Let j(t) = t**3 + 190*t**2 + 80*t - 255. What are the prime factors of j(-189)?
2, 3, 3391
Let p(d) = d**2 + d - 3. Let l be p(5). Suppose -5*i - 12 + l = 0. List the prime factors of i*(-4)/4 - (-2 + -17).
2
Let u be ((-180)/8)/5*16/(-6). Suppose u*g = 3*g + 612. Suppose g = 3*r + 20. What are the prime factors of r?
2
Suppose -4*n - x + 22 = 0, -x + 28 = 5*n + 1. Suppose -4*b = 3*z - 2219, -n*z + b = -1235 - 2494. List the prime factors of z.
5, 149
List the prime factors of ((-195400)/60)/((-14)/12*24/126).
3, 5, 977
Let n be (-3)/((-15)/(-6) - 2). What are the prime factors of (0 - (-12)/(-9))/(n/639)?
2, 71
Let v(t) = 2*t**3 + 12*t**2 - 9*t - 6. Let l be v(8). Suppose -3*h + x + l = -0*h, 0 = x - 2. List the prime factors of h.
2, 11, 13
Let j = 15432 - 7140. List the prime factors of j.
2, 3, 691
Let g(v) = 5*v**2 - 65*v + 29. Let l(d) = -d**2 + 16*d - 7. Let k(b) = 2*g(b) + 9*l(b). Let p be (18/(-27) - 44/(-30))*-25. List the prime factors of k(p).
5, 23
Let p = -14 + 17. Suppose -5*z - p*k + 307 = 0, 2*z - k = -2*k + 123. Suppose -3*l - z = -206. List the prime factors of l.
2, 3
List the prime factors of ((-4218)/4*(-2)/6)/(71/994).
7, 19, 37
Suppose -126*o + 848614 = -166215 - 535727. What are the prime factors of o?
2, 3, 7, 293
Suppose d - 12880 = -3*d. Let z = -536 + 538. List the prime factors of z/(-11) - 1/((-44)/d).
73
Let o(k) = 6*k**3 + 4*k**2 - 14*k + 11. Let j = 468 - 464. List the prime factors of o(j).
13, 31
Suppose -c + 11 = 7. Suppose 1906 = 3*u + 4*v - 2*v, c*u + 3*v = 2542. What are the prime factors of u?
2, 317
Suppose -4*c - 84 = 2*p, -2*p + 4*c - 192 = 2*p. Let r = p + 44. List the prime factors of 117 + 2/(r + 3).
7, 17
Suppose -263 = 4*r - 4723. Suppose o - 3*n + r = 5*o, -3*n = -4*o + 1109. List the prime factors of o*(-1)/(-6 - -4).
139
Let i = 22236 + 5940. What are the prime factors of i?
2, 3, 587
Suppose -64 - 44 = -4*w. Suppose 25*p - w*p + 2 = 0. Let t(a) = 187*a**2 - 2*a. What are the prime factors of t(p)?
5, 37
Let x = 65 + -63. Let b be (0/x)/(23 - 27). Suppose b = 6*p - 525 - 333. List the prime factors of p.
11, 13
List the prime factors of 9 + 44827 + 0*(0 - (-1)/(-4)).
2, 11, 1019
Suppose -22*b + 526434 - 274928 = -531166. What are the prime factors of b?
2, 4447
Let r(o) = 14*o**3 - 4*o**2 - 5*o + 20. Let d(k) = 41*k**3 - 14*k**2 - 14*k + 60. Let f(g) = -2*d(g) + 7*r(g). What are the prime factors of f(2)?
2, 67
What are the prime factors of (-2)/3 + (1161776/24)/14?
3457
Suppose w = 4*r + 35, 2*r = 5*w + 7*r - 175. Let j = w + -35. Suppose -3*i + f + 22 = j, -8 = -i - 0*i + f. What are the prime factors of i?
7
What are the prime factors of 356/178 + (5304 - -1)?
3, 29, 61
Suppose 21*i = 108468 + 147652 + 135089. List the prime factors of i.
13, 1433
Suppose o = 3 - 48. Let b = o + 50. Suppose -5*a + 34 = 5*j - 6, -4*a + b*j = -23. List the prime factors of a.
7
Let g(x) = -1194*x + 207. List the prime factors of g(-19).
3, 13, 587
Let a(n) = n**3 + n - 1. Let v be 3 - 3/((0 - -3)/3). Let f be a(v). Let g(b) = -75*b - 2. What are the prime factors of g(f)?
73
Suppose -4*n - 5*g - 472 = 281, 0 = 5*n + 4*g + 930. Let o be n - (-1)/1 - (-4 + 1). Let v = 377 + o. List the prime factors of v.
199
Let c be ((-1)/4)/((-7)/1820*5). Suppose c*o - 7123 = 7047. List the prime factors of o.
2, 5, 109
List the prime factors of (1372/(-5))/((-1)/(-21)*48/(-40)).
2, 7
Let y(g) = -11*g - 4. Let w be y(-4). Let c = 1317 + -1181. Let x = c - w. List the prime factors of x.
2, 3
Let f(l) = -32*l + 9. Let u be f(-3). List the prime factors of ((-14)/u - 2027/(-15)) + 4.
139
Let q(j) = 3*j**2 + j - 4. Suppose -3*i - 5*m + 19 = 0, 25 = -4*i - i + 3*m. Let d be q(i). List the prime factors of 5/(10/(-4))*(-273)/d.
7, 13
What are the prime factors of 30/4*(8/(-32) - 81445/(-84))?
2, 5, 727
Let w(i) = i**2 - 13*i - 9. Let h be w(14). Suppose -150 = -h*q + 3*q. Let r = q - 18. List the prime factors of r.
3, 19
Let d = -1 - -7. Let x be d/((-18)/(-15)) + -1. Suppose -x*n = -87 - 177. What are the prime factors of n?
2, 3, 11
Let q = 266 - 458. Let n = 737 + q. List the prime factors of n.
5, 109
Suppose 4*y - 4*j + 1 + 7 = 0, 4*j = 2*y + 8. Let n be -5 + (y/(-4))/4. Let d = 17 + n. List the prime factors of d.
2, 3
Let f(i) = -21*i + 13. Let d be f(3). Let l be d/(2/(-10) - 16/20). Let j = 83 - l. What are the prime factors of j?
3, 11
Let i be (-2 - 903/(-2))*4. Suppose -274 = 6*v - i. Let s = v + -149. What are the prime factors of s?
3, 5, 7
Suppose 0 = -77*l + 404470 + 643150 + 478289. What are the prime factors of l?
7, 19, 149
Let n(g) be the first derivative of 29*g**2/2 + 50*g + 86. What are the prime factors of n(6)?
2, 7
Let l = 3997 + -2431. What are the prime factors of l?
2, 3, 29
Let r be 169 - -2*(-1)/(-2). Let h = -4 + 337. Let i = h - r. What are the prime factors of i?
163
Let a = -1 + 112. Suppose 11*l = 263 + a. What are the prime factors of l?
2, 17
Let p be (-2)/(-3)*3/(-2). Let j be p - (-2 + 5 - 4). Suppose j = 18*u - 9*u - 333. What are the prime factors of u?
37
Suppose 0 = 6*g - 17*g - 88. Let v(b) = -b**2 - 7*b + 55. List the prime factors of v(g).
47
Let o be 26*(-1 - 7) + -4. Let n = -60 - o. Suppose 3*w = 11*w - n. List the prime factors of w.
19
Let q(o) = -o**2 + 27*o - 108. Let z be q(22). Suppose 0 = -10*b + 11*b - 5*g - 413, 5*g = -z*b + 886. List the prime factors of b.
433
Let u(q) = -q**3 + 8*q**2 + q - 6. Let s be u(8). Suppose -266 = -d - 3*g + 247, 0 = s*g + 6. List the prime factors of d.
2, 3, 29
Let u = -32 + 37. Suppose 2*y = -3*p - 30, u*p + 2 = -8. What are the prime factors of -20*((-90)/8 + 3/y)?
2, 5, 23
Suppose 2*d + 5 = -3, -5*m + 1665 = 